12). Let z(b) = b + 11. Let m be z(d). What is the units digit of -4*(-2)/(8/m)?
2
What is the hundreds digit of (0 + 1)*(-137 - -3150)?
0
Let z = -7 - -4. Let x be (8/(-4))/(-1) - z. Suppose -48 = -9*t + x*t. What is the units digit of t?
2
Let w = 1102 + 10. What is the hundreds digit of w?
1
Suppose 0 = -20*i + 47*i - 24435. What is the hundreds digit of i?
9
Suppose -4*a + 2*a - 16 = -5*o, 0 = o + a - 6. Suppose o*m = 2*d + d + 473, -m + 3*d + 125 = 0. What is the units digit of m?
6
Let i be (-1)/(((-6)/2)/6). Let l = 10 - i. What is the units digit of l?
8
Let h(r) = 32*r**2 + r + 1. Let x(m) = 32*m**2 + 2*m + 1. Let v(t) = -4*h(t) + 3*x(t). Let b be v(1). Let q = 7 - b. What is the units digit of q?
8
Let i = 54 + 482. What is the hundreds digit of i?
5
Let x be -2 + 1 - ((-824)/4 + 1). Let m = 428 - x. What is the hundreds digit of m?
2
Let u(x) = 7*x + 1. Let z be u(1). Let o(w) = 9 + 5 + 3*w - 4. What is the tens digit of o(z)?
3
Suppose -4*v + v + 51 = 0. Suppose -5*o = -v - 68. What is the tens digit of o?
1
Suppose -3*s + 16 = 1. Suppose 28 = -s*t + 3. What is the units digit of ((-54)/(-15) - 4)*t?
2
Let m be 0 - 3/(-24) - 162/16. What is the tens digit of 4 + (-204)/(-15) - 4/m?
1
Suppose a + 14 = -4*t + 3, -5*t = 20. Let r be 4/(-10) - (-32)/5. Let o = r + a. What is the tens digit of o?
1
Suppose -4*p = -3*x + 981, -10*p + 328 = x - 11*p. What is the tens digit of x?
3
Let o = 117 + 222. What is the units digit of o?
9
Let v(u) = 158*u**2 - 6*u - 1. Let c = -91 - -92. What is the hundreds digit of v(c)?
1
What is the units digit of (-20)/3*7626/(-155)?
8
Let k be ((-126)/8)/((-36)/96). Suppose -s + k = 6*s. Suppose s*p - 12 = 204. What is the units digit of p?
6
Suppose -4*y + 3*y = -h + 5, 3*h + 4*y = 1. Suppose -4*l - 18 = -h*t, 3*t - l - 15 = 2*l. Suppose t*k - 58 = 50. What is the units digit of k?
4
Let f = 52 + 115. Let b = f + 111. What is the hundreds digit of b?
2
Let h(f) = -91*f - 803. What is the hundreds digit of h(-39)?
7
Suppose -2*z + 6*z - 1248 = -2*k, -2501 = -4*k - 3*z. What is the units digit of k?
6
Suppose -4*o = 2*m - 4, o = 5*m - 2*o - 62. Suppose s - 2*n - 2 = 0, -41*s + 39*s = -3*n - 7. Let b = m - s. What is the units digit of b?
2
Let m(j) = 2*j - 42. Let g be m(19). What is the tens digit of 14694/310 + (g/5)/2?
4
Let x = -80 + 260. Suppose 5*c + 211 = 3*u - 4, -4*c = 2*u - x. What is the tens digit of (-4 - -4)/(-1) + u?
8
Let w(v) = 7*v**3 - v**2 + v. Suppose 4*f - 19 = -3*h, -f - h + 3 = -3. What is the units digit of w(f)?
7
Suppose -2*o = -8 - 6. Suppose 3*t - o*t = -152. What is the tens digit of t?
3
Let n = 987 + -358. What is the units digit of n?
9
Let v(s) = -3*s**3 - 12*s**2 - 2*s + 3. Let z be v(-5). Suppose 0 = -2*w - 2*q + z, 3*w + 2*w - 232 = -q. What is the units digit of w?
7
Suppose -2*f = 2*k - 80, -3*f - k = 2 - 118. Suppose g - 2 = 5*r, 4*r - f = -0*g - g. What is the tens digit of g?
2
Let p = 8 - 3. What is the units digit of (-377)/(-145) - ((-2)/p - 0)?
3
Let b be (-237)/(-21) - 2/7. Let n(d) = d + 4. What is the units digit of n(b)?
5
Let y(v) = -v**3 - 8*v + 3401. What is the thousands digit of y(0)?
3
Let y be -1 + 0/(-2) + 1 + 3. Suppose 4*u + y*u = 735. What is the tens digit of u?
0
Let m(h) = -48*h + 27. Let x(o) = -46*o + 27. Let b(t) = 3*m(t) - 4*x(t). What is the units digit of b(6)?
3
Let j = -30 + 34. Suppose 14 = -j*h + 138. What is the units digit of h?
1
Let g be (22/(-77))/((-1)/1043). Suppose 2*o - 4*o - d = -g, 2*d - 300 = -2*o. What is the units digit of o?
8
Suppose 11*k = 23 + 21. Let w = 3 + 0. Suppose s - 3 = -1, 0 = w*u - k*s - 34. What is the tens digit of u?
1
Let y = -5 + -44. Let b be (-4 + 2)*(-12)/3. What is the tens digit of y/(-4) + (-2)/b?
1
Let w = -95 - -207. What is the hundreds digit of w?
1
Let o(x) = x**3 - 3*x**2 - 4*x + 3. Let w be o(3). Let n = w + 14. Suppose 135 = n*f - u, 73 = -0*f + 3*f + u. What is the tens digit of f?
2
Let j(g) = 5*g**2 + 2*g - 1. Let m be (-1)/(-2)*(3 - 3). Suppose -5*t + t - 8 = m. What is the units digit of j(t)?
5
Let h = 58 - 57. What is the units digit of 0 + 3/h*16/4?
2
Let a be (37 - 102)*((-24)/(-10))/3. What is the hundreds digit of (-2236)/(-16) - (3 - a/(-16))?
1
Let j(g) = 3 + 4*g**2 + 13*g**3 + 2*g - 7*g - 7*g**3. What is the tens digit of j(2)?
5
Suppose -x + 5*q + 416 = 0, 0 = x - 2*q + 5*q - 424. What is the tens digit of x?
2
Suppose 3*q - 870 = -3*c, -c + 192 + 680 = 3*q. What is the hundreds digit of q?
2
Suppose -s = i - 1452, -16*s + 5844 = -12*s - 5*i. What is the thousands digit of s?
1
Let b(l) be the third derivative of l**4/24 + 4*l**3/3 + 9*l**2. Let z be b(3). Suppose -10*s - 79 = -z*s. What is the tens digit of s?
7
Suppose 4 = -3*i + 40. Let u = i - 5. Let j(l) = 4*l - 3. What is the units digit of j(u)?
5
Let x(b) = -b - 16. Let t(p) = p + 17. Suppose 5*v + 15 + 10 = 0. Let u(n) = v*t(n) - 6*x(n). What is the units digit of u(-7)?
4
Suppose 0 = -19*q + 18*q + 3917. What is the tens digit of q?
1
What is the tens digit of (-39)/((32/(-8))/84)?
1
Suppose -3*t - 27 = 6*k - 3*k, 4 = -t. Let f be 6 + 1 + (k - -3). Suppose f*v = -5 + 75. What is the units digit of v?
4
Let g(n) = -n**3 - 5*n**2 - 2*n - 7. Let r be g(-5). Suppose -2*l = -2*x + 128, -r = 5*x - 3*l - 325. What is the tens digit of x?
6
Let h be (-138)/(-4) - (-4)/(-8). Let q = h - -9. Let p = q - -11. What is the tens digit of p?
5
Suppose -6*u = -11*u - 2*y + 2019, -3*u + 1224 = -3*y. Suppose 2*m + 139 + 65 = 2*f, 4*f - u = 3*m. What is the tens digit of f?
9
Let s(k) = 3*k**2 + 28*k - 602. What is the units digit of s(22)?
6
Let s be (3/(-12))/(6/(-72)). Let c be -29 - ((-9)/s + 0). What is the tens digit of -1*(-1)/((-2)/c)?
1
Let i(c) = 2*c**2 + 2*c - 20. What is the units digit of i(14)?
0
Suppose -q - 2*y + 6 = -2*q, -14 = -5*q - y. Suppose q*m - 10 = 432. What is the hundreds digit of m?
2
Let w(a) = -a**2 - 2*a + 6. Let m(i) = i - 1. Let o(u) = 2*m(u) + w(u). Let d be o(3). What is the units digit of d/10*(2 + -84)?
1
Let k be (-32)/14 + 4/14. Let g be (7 + 5 + -1)*k. Let z = 36 + g. What is the units digit of z?
4
Let t = -868 - -1274. What is the units digit of t?
6
Let i = 75 - 349. Let u = i + 403. What is the units digit of u?
9
Let x(n) be the second derivative of n**6/144 - n**5/20 + n**4/6 - 2*n. Let b(f) be the third derivative of x(f). What is the tens digit of b(7)?
2
Suppose 11 + 37 = -6*g. Let t = 61 + g. What is the units digit of t?
3
Let k = -11 - -241. What is the hundreds digit of k?
2
Suppose -3547 + 10575 = 7*i. What is the thousands digit of i?
1
What is the tens digit of 390*(-6)/(-33) + 2/22?
7
What is the units digit of 33/2*(-12)/27*-129?
6
Let f(t) = 15*t**2 - 4*t**2 - 7*t**2 + 25 + 25*t. What is the hundreds digit of f(-11)?
2
Let j be (-8)/6*42/4. Let o = j + 17. What is the tens digit of (-5 + o)*(-6)/1?
1
Let x(f) = 4*f - 4. Let q be x(-2). What is the units digit of 9/(q/4) + 103?
0
Let c(x) be the first derivative of 86*x**3/3 + x**2 - x + 23. What is the tens digit of c(1)?
8
Suppose 0 = -4*f - 2*u + 10523 + 6923, -4*f + 4*u + 17452 = 0. What is the hundreds digit of f?
3
Let c = 37 - 35. What is the tens digit of (4 - c) + 1/((-2)/(-30))?
1
Let k(u) = u**2 + 8*u - 6. Let r(d) = d**2 + 13*d + 5. Let o be r(-13). What is the units digit of k(o)?
9
Let x(z) = -z + 9. Let y be x(-6). Suppose -y*o = -289 - 716. What is the units digit of o?
7
Suppose -8*n = -b - 5*n + 1192, b + 4*n = 1220. What is the tens digit of b?
0
Let f(z) = -2*z**2 + z - 8. Suppose 13 = -4*y - 11. Let w be f(y). Let s = -60 - w. What is the units digit of s?
6
Let u(t) = t**3 - 4*t - 3. Let w be u(-2). What is the units digit of ((-10)/(-4))/(w/(-30))?
5
Let i(d) = -d**3 + d**2 - 2*d - 4. Suppose -4*f = -8*f - 48. Let q(o) = -o - 15. Let a be q(f). What is the tens digit of i(a)?
3
Let f = -71 + 443. What is the tens digit of f?
7
Suppose 55 = 3*x - 8. Suppose -3*l + 4 = -4*q + 51, -l = 2*q - x. What is the units digit of q?
1
Let g = -20 - -20. Suppose 2*s - 274 = -4*u - g*u, 3*u = 3*s + 183. What is the units digit of u?
6
Suppose -3*y - 10 = -4*t, -9*t + 22 = y - 4*t. Suppose y*m + 57 + 49 = 4*i, -20 = 4*m. What is the tens digit of 20/(-1)*i/(-16)?
3
Let k(q) = -2*q**2 - 7*q. Let c(m) = 3*m**2 + 15*m